mon factor of 8944 and 1352?
104
Calculate the greatest common divisor of 548 and 902.
2
Calculate the greatest common divisor of 3384 and 236034.
846
Calculate the highest common factor of 4609 and 110.
11
What is the greatest common divisor of 293790 and 518?
14
Calculate the highest common factor of 128 and 8592.
16
Calculate the highest common divisor of 18 and 5690673.
9
What is the highest common factor of 1383774 and 168?
42
What is the greatest common factor of 960 and 82365?
15
Calculate the highest common factor of 2444570 and 10.
10
What is the greatest common factor of 14 and 4254?
2
Calculate the highest common divisor of 2442240 and 90.
90
Calculate the highest common divisor of 4632 and 480.
24
Calculate the greatest common divisor of 1434760 and 40.
40
Calculate the greatest common factor of 79134 and 8175.
327
What is the greatest common factor of 131788 and 4982?
94
Calculate the greatest common divisor of 2553 and 483.
69
Calculate the highest common divisor of 831 and 1138747.
277
Calculate the highest common factor of 690 and 336030.
690
What is the greatest common divisor of 132 and 12122?
22
Calculate the highest common divisor of 22632 and 60582.
138
Calculate the highest common divisor of 26668 and 1808.
452
What is the highest common factor of 1113 and 10983?
21
What is the greatest common divisor of 247360 and 1152?
64
What is the greatest common divisor of 507725 and 1225?
25
Calculate the greatest common factor of 196 and 4494574.
98
What is the highest common factor of 570 and 16986?
114
Calculate the greatest common divisor of 387 and 108489.
129
What is the greatest common divisor of 741 and 42159?
39
Calculate the highest common divisor of 93 and 1209.
93
Calculate the greatest common factor of 6146 and 840.
14
Calculate the greatest common factor of 102602 and 8642.
58
Calculate the greatest common factor of 88033 and 33.
11
Calculate the highest common factor of 16192 and 12328.
184
What is the highest common divisor of 337278 and 28526?
1678
Calculate the highest common divisor of 1792 and 3556.
28
Calculate the greatest common divisor of 2688422 and 66.
22
Calculate the greatest common factor of 211205 and 265.
265
Calculate the highest common factor of 639 and 297703.
71
What is the greatest common factor of 1160 and 54440?
40
What is the highest common factor of 22784 and 534?
178
Calculate the highest common divisor of 63 and 847.
7
What is the greatest common divisor of 39654 and 72?
18
What is the greatest common factor of 2108 and 33116?
68
Calculate the greatest common factor of 66167 and 127.
127
Calculate the highest common divisor of 343938 and 399.
399
What is the highest common factor of 550 and 5478?
22
What is the greatest common factor of 807 and 26093?
269
What is the greatest common divisor of 96 and 461976?
24
What is the highest common divisor of 250 and 3150?
50
What is the greatest common divisor of 33376 and 448?
224
What is the greatest common factor of 579845 and 105?
35
What is the highest common factor of 14651 and 77119?
161
What is the highest common divisor of 185985 and 45?
45
Calculate the highest common divisor of 185 and 47900.
5
What is the greatest common divisor of 20361 and 231?
33
What is the greatest common divisor of 368 and 9476?
92
What is the highest common factor of 9 and 200241?
9
Calculate the greatest common factor of 268335 and 670.
335
Calculate the greatest common divisor of 3594812 and 146.
146
Calculate the highest common divisor of 814 and 79698.
74
What is the greatest common divisor of 6564 and 24?
12
What is the greatest common divisor of 3212 and 1892?
44
Calculate the greatest common factor of 3717096 and 732.
732
Calculate the greatest common factor of 10 and 206415.
5
Calculate the greatest common factor of 158 and 8.
2
Calculate the highest common divisor of 20 and 1010.
10
What is the greatest common factor of 1212 and 27954?
6
What is the greatest common factor of 227 and 126212?
227
What is the highest common factor of 62 and 224874?
62
What is the highest common divisor of 337 and 116939?
337
Calculate the highest common factor of 436 and 10573.
109
Calculate the highest common factor of 39849 and 333.
111
Calculate the highest common divisor of 14652 and 732.
12
Calculate the highest common divisor of 10724 and 364.
28
What is the greatest common divisor of 45571 and 199?
199
What is the highest common factor of 11 and 103543?
11
What is the highest common factor of 1899912 and 344?
344
Calculate the highest common divisor of 2666 and 4902.
86
What is the highest common factor of 54 and 1953774?
54
What is the highest common factor of 29 and 570169?
29
Calculate the highest common factor of 1144 and 44759.
143
Calculate the highest common divisor of 452 and 71077.
113
Calculate the greatest common factor of 168766 and 26.
26
What is the greatest common divisor of 30 and 5703510?
30
Calculate the highest common factor of 726 and 394702.
242
Calculate the greatest common divisor of 963816 and 16.
8
What is the highest common factor of 1397032 and 273?
91
What is the greatest common divisor of 31 and 8370?
31
Calculate the greatest common factor of 234318 and 588.
294
What is the highest common factor of 5022 and 76632?
186
Calculate the highest common divisor of 2177127 and 9.
9
Calculate the highest common divisor of 10186327 and 123.
41
What is the greatest common factor of 25745 and 17195?
95
What is the greatest common divisor of 9720 and 4824?
72
Calculate the greatest common factor of 146 and 45698.
146
Calculate the highest common divisor of 1200 and 3660.
60
Calculate the greatest common factor of 136 and 87272.
8
Calculate the highest common factor of 2430 and 1677915.
1215
Calculate the highest common factor of 362 and 3620.
362
Calculate the highest common factor of 1215 and 102699.
9
What is the greatest common factor of 250731 and 2223?
117
What is the greatest common factor of 89 and 2248229?
89
What is the highest common factor of 10143 and 4761?
207
What is the highest common divisor of 399 and 38451?
21
What is the greatest common factor of 37 and 557775?
37
What is the greatest common factor of 2168 and 72?
8
Calculate the greatest common divisor of 882 and 25452.
126
Calculate the highest common factor of 2756 and 91.
13
Calculate the highest common factor of 128576 and 16.
16
What is the highest common divisor of 83780 and 2130?
710
What is the highest common factor of 1913085 and 105?
15
Calculate the highest common factor of 3105 and 9585.
135
What is the highest common divisor of 4693 and 167466?
247
What is the greatest common divisor of 8492 and 5533?
11
Calculate the highest common factor of 236 and 1749586.
118
Calculate the greatest common divisor of 478128 and 336.
336
Calculate the highest common factor of 1543451 and 637.
637
Calculate the highest common divisor of 4890 and 1973115.
2445
What is the highest common divisor of 195 and 73840?
65
What is the greatest common factor of 78 and 46059?
39
What is the highest common divisor of 482177 and 8159?
199
What is the greatest common factor of 37 and 1081991?
37
Calculate the highest common factor of 284280 and 2990.
230
Calculate the greatest common divisor of 293518 and 1462.
86
Calculate the highest common factor of 3431 and 2555.
73
What is the greatest common factor of 966 and 34454?
322
Calculate the highest common divisor of 3390 and 1290.
30
Calculate the greatest common factor of 193 and 915013.
193
Calculate the greatest common divisor of 73557 and 2972.
743
Calculate the highest common divisor of 112 and 2048.
16
What is the greatest common factor of 39 and 10556?
13
Calculate the highest common divisor of 3 and 447549.
3
What is the greatest common factor of 5341 and 2548?
49
What is the highest common divisor of 484740 and 360?
180
What is the greatest common factor of 2 and 13934?
2
Calculate the highest common factor of 28572 and 24.
12
Calculate the highest common divisor of 593172 and 36.
36
Calculate the highest common factor of 110905 and 1435.
205
Calculate the highest common factor of 10 and 342830.
10
What is the highest common divisor of 14 and 4102?
14
What is the greatest common divisor of 2873 and 544?
17
Calculate the greatest common 